{"id":554,"date":"2021-03-22T12:17:27","date_gmt":"2021-03-22T12:17:27","guid":{"rendered":"https:\/\/spandalucia.com\/spacanalsur\/?page_id=554"},"modified":"2021-03-22T12:17:28","modified_gmt":"2021-03-22T12:17:28","slug":"legislacion-rtva-y-csrtv","status":"publish","type":"page","link":"https:\/\/spandalucia.com\/spacanalsur\/legislacion-rtva-y-csrtv\/","title":{"rendered":"Legislaci\u00f3n RTVA y CSRTV"},"content":{"rendered":"\n<div class=\"col-md-12 descargas\"><div class=\"col-md-12 descargassep nada\">\n<div class=\"col-md-1 nada centrarimagen\"><figure><img src=\"http:\/\/www.spandalucia.com\/wp-content\/uploads\/2016\/02\/pdf-icon-30x30.png\" alt=\"pdf-icon-30x30\" width=\"60\" height=\"60\"><\/figure><\/div>\n<div class=\"col-md-11 bajamedio\"><a href=\"https:\/\/spandalucia.com\/spacanalsur\/wp-content\/uploads\/2021\/04\/Plan-de-eficacia-eficiencia-y-racionalizacion-de-la-Radio-y-Television-de-Andalucia-2021.pdf\" target=\"_blank\" rel=\"noopener\">RTVA. Plan de Eficacia, eficiencia y racionalizacion. 2021<\/a><\/div>\n<\/div><div class=\"col-md-12 descargassep nada\">\n<div class=\"col-md-1 nada centrarimagen\"><figure><img src=\"http:\/\/www.spandalucia.com\/wp-content\/uploads\/2016\/02\/pdf-icon-30x30.png\" alt=\"pdf-icon-30x30\" width=\"60\" height=\"60\"><\/figure><\/div>\n<div class=\"col-md-11 bajamedio\"><a href=\"https:\/\/spandalucia.com\/spacanalsur\/wp-content\/uploads\/2021\/04\/Contrato-programa-2021-2023.pdf\" target=\"_blank\" rel=\"noopener\">RTVA. Contrato Programa 2021-2023<\/a><\/div>\n<\/div><div class=\"col-md-12 descargassep nada\">\n<div class=\"col-md-1 nada centrarimagen\"><figure><img src=\"http:\/\/www.spandalucia.com\/wp-content\/uploads\/2016\/02\/pdf-icon-30x30.png\" alt=\"pdf-icon-30x30\" width=\"60\" height=\"60\"><\/figure><\/div>\n<div class=\"col-md-11 bajamedio\"><a href=\"https:\/\/spandalucia.com\/spacanalsur\/wp-content\/uploads\/2021\/04\/RTVA-y-CSRTV.-Contrato-Programa-2017-2019.pdf\" target=\"_blank\" rel=\"noopener\">RTVA. Contrato Programa 2017-2019<\/a><\/div>\n<\/div><div class=\"col-md-12 descargassep nada\">\n<div class=\"col-md-1 nada centrarimagen\"><figure><img src=\"http:\/\/www.spandalucia.com\/wp-content\/uploads\/2016\/02\/pdf-icon-30x30.png\" alt=\"pdf-icon-30x30\" width=\"60\" height=\"60\"><\/figure><\/div>\n<div class=\"col-md-11 bajamedio\"><a href=\"https:\/\/spandalucia.com\/spacanalsur\/wp-content\/uploads\/2021\/04\/RTVA-y-SS.FF_.-Contrato-Programa-2013-2015.pdf\" target=\"_blank\" rel=\"noopener\">RTVA. Contrato Programa 2013-2015<\/a><\/div>\n<\/div><div class=\"col-md-12 descargassep nada\">\n<div class=\"col-md-1 nada centrarimagen\"><figure><img src=\"http:\/\/www.spandalucia.com\/wp-content\/uploads\/2016\/02\/pdf-icon-30x30.png\" alt=\"pdf-icon-30x30\" width=\"60\" height=\"60\"><\/figure><\/div>\n<div class=\"col-md-11 bajamedio\"><a href=\"https:\/\/spandalucia.com\/spacanalsur\/wp-content\/uploads\/2021\/04\/Propuesta-Carta-Servicio-Pu\u0301blico-RTVA-2021-2026.pdf\" target=\"_blank\" rel=\"noopener\">Propuesta Carta Servicio P\u00fablico RTVA 2021-2026<\/a><\/div>\n<\/div><div class=\"col-md-12 descargassep nada\">\n<div class=\"col-md-1 nada centrarimagen\"><figure><img src=\"http:\/\/www.spandalucia.com\/wp-content\/uploads\/2016\/02\/pdf-icon-30x30.png\" alt=\"pdf-icon-30x30\" width=\"60\" height=\"60\"><\/figure><\/div>\n<div class=\"col-md-11 bajamedio\"><a href=\"https:\/\/spandalucia.com\/spacanalsur\/wp-content\/uploads\/2021\/04\/Propuesta-Carta-de-Servicio-Publico-de-la-RTVA-2017-2022.pdf\" target=\"_blank\" rel=\"noopener\">Propuesta Carta de Servicio P\u00fablico de la RTVA 2017-2022<\/a><\/div>\n<\/div><div class=\"col-md-12 descargassep nada\">\n<div class=\"col-md-1 nada centrarimagen\"><figure><img src=\"http:\/\/www.spandalucia.com\/wp-content\/uploads\/2016\/02\/pdf-icon-30x30.png\" alt=\"pdf-icon-30x30\" width=\"60\" height=\"60\"><\/figure><\/div>\n<div class=\"col-md-11 bajamedio\"><a href=\"https:\/\/spandalucia.com\/spacanalsur\/wp-content\/uploads\/2021\/04\/carta_servicio_publico_RTVA-2010.pdf\" target=\"_blank\" rel=\"noopener\">Carta de Servicio P\u00fablico de RTVA y CSRTV 2010<\/a><\/div>\n<\/div><div class=\"col-md-12 descargassep nada\">\n<div class=\"col-md-1 nada centrarimagen\"><figure><img src=\"http:\/\/www.spandalucia.com\/wp-content\/uploads\/2016\/02\/pdf-icon-30x30.png\" alt=\"pdf-icon-30x30\" width=\"60\" height=\"60\"><\/figure><\/div>\n<div class=\"col-md-11 bajamedio\"><a href=\"https:\/\/spandalucia.com\/spacanalsur\/wp-content\/uploads\/2021\/04\/Ley-2-2019-de-26-de-junio-relativa-a-la-modificacion-de-la-ley-18-2007-de-la-RTVA.pdf\" target=\"_blank\" rel=\"noopener\">Ley 2-2019, de 26 de junio, relativa a la modificaci\u00f3n de la ley 18-2007, de 17 de diciembre de la RTVA<\/a><\/div>\n<\/div><div class=\"col-md-12 descargassep nada\">\n<div class=\"col-md-1 nada centrarimagen\"><figure><img src=\"http:\/\/www.spandalucia.com\/wp-content\/uploads\/2016\/02\/pdf-icon-30x30.png\" alt=\"pdf-icon-30x30\" width=\"60\" height=\"60\"><\/figure><\/div>\n<div class=\"col-md-11 bajamedio\"><a href=\"https:\/\/spandalucia.com\/spacanalsur\/wp-content\/uploads\/2021\/04\/Ley-8-1987-de-9-de-diciembre-de-creacion-de-la-empresa-publica-RTVA.pdf\" target=\"_blank\" rel=\"noopener\">Ley 8-1987, de 9 diciembre, de creaci\u00f3n de la Empresa P\u00fablica de la Radio Televisi\u00f3n de Andaluc\u00eda<\/a><\/div>\n<\/div><div class=\"col-md-12 descargassep nada\">\n<div class=\"col-md-1 nada centrarimagen\"><figure><img src=\"http:\/\/www.spandalucia.com\/wp-content\/uploads\/2016\/02\/pdf-icon-30x30.png\" alt=\"pdf-icon-30x30\" width=\"60\" height=\"60\"><\/figure><\/div>\n<div class=\"col-md-11 bajamedio\"><a href=\"http:\/\/spandalucia.com\/spacanalsur\/wp-content\/uploads\/2017\/10\/Ley-18-de-2007-de-17-de-diciembre-de-la-APE-RTVA.pdf\" target=\"_blank\" rel=\"noopener\">Ley 18 de 2007, de 17 de diciembre, de la APE RTVA<\/a><\/div>\n<\/div><div class=\"col-md-12 descargassep nada\">\n<div class=\"col-md-1 nada centrarimagen\"><figure><img src=\"http:\/\/www.spandalucia.com\/wp-content\/uploads\/2016\/02\/pdf-icon-30x30.png\" alt=\"pdf-icon-30x30\" width=\"60\" height=\"60\"><\/figure><\/div>\n<div class=\"col-md-11 bajamedio\"><a href=\"http:\/\/spandalucia.com\/spacanalsur\/wp-content\/uploads\/2017\/10\/Moci%C3%B3n-sobre-RTVA-y-CSRTV-aprobada-en-Parlamento-22-octubre-201.pdf\" target=\"_blank\" rel=\"noopener\">Moci\u00f3n sobre RTVA y CSRTV aprobada en Parlamento 22 octubre 2017<\/a><\/div>\n<\/div><\/div>\n","protected":false},"excerpt":{"rendered":"","protected":false},"author":1,"featured_media":0,"parent":0,"menu_order":0,"comment_status":"closed","ping_status":"closed","template":"","meta":[],"acf":[],"yoast_head":"<!-- This site is optimized with the Yoast SEO plugin v19.0 - https:\/\/yoast.com\/wordpress\/plugins\/seo\/ -->\n<title>Legislaci\u00f3n RTVA y CSRTV - Secci\u00f3n Sindical del SPA en RTVA y CSRTV<\/title>\n<meta name=\"robots\" content=\"index, follow, max-snippet:-1, max-image-preview:large, max-video-preview:-1\" \/>\n<link rel=\"canonical\" href=\"https:\/\/spandalucia.com\/spacanalsur\/legislacion-rtva-y-csrtv\/\" \/>\n<meta property=\"og:locale\" content=\"es_ES\" \/>\n<meta property=\"og:type\" content=\"article\" \/>\n<meta property=\"og:title\" content=\"Legislaci\u00f3n RTVA y CSRTV - Secci\u00f3n Sindical del SPA en RTVA y CSRTV\" \/>\n<meta property=\"og:url\" content=\"https:\/\/spandalucia.com\/spacanalsur\/legislacion-rtva-y-csrtv\/\" \/>\n<meta property=\"og:site_name\" content=\"Secci\u00f3n Sindical del SPA en RTVA y CSRTV\" \/>\n<meta property=\"article:modified_time\" content=\"2021-03-22T12:17:28+00:00\" \/>\n<meta name=\"twitter:card\" content=\"summary_large_image\" \/>\n<script type=\"application\/ld+json\" class=\"yoast-schema-graph\">{\"@context\":\"https:\/\/schema.org\",\"@graph\":[{\"@type\":\"WebSite\",\"@id\":\"https:\/\/spandalucia.com\/spacanalsur\/#website\",\"url\":\"https:\/\/spandalucia.com\/spacanalsur\/\",\"name\":\"Secci\u00f3n Sindical del SPA en RTVA y CSRTV\",\"description\":\"P\u00e1gina de informaci\u00f3n de la Secci\u00f3n Sindical del SPA en Canal Sur\",\"potentialAction\":[{\"@type\":\"SearchAction\",\"target\":{\"@type\":\"EntryPoint\",\"urlTemplate\":\"https:\/\/spandalucia.com\/spacanalsur\/?s={search_term_string}\"},\"query-input\":\"required name=search_term_string\"}],\"inLanguage\":\"es\"},{\"@type\":\"WebPage\",\"@id\":\"https:\/\/spandalucia.com\/spacanalsur\/legislacion-rtva-y-csrtv\/#webpage\",\"url\":\"https:\/\/spandalucia.com\/spacanalsur\/legislacion-rtva-y-csrtv\/\",\"name\":\"Legislaci\u00f3n RTVA y CSRTV - Secci\u00f3n Sindical del SPA en RTVA y CSRTV\",\"isPartOf\":{\"@id\":\"https:\/\/spandalucia.com\/spacanalsur\/#website\"},\"datePublished\":\"2021-03-22T12:17:27+00:00\",\"dateModified\":\"2021-03-22T12:17:28+00:00\",\"breadcrumb\":{\"@id\":\"https:\/\/spandalucia.com\/spacanalsur\/legislacion-rtva-y-csrtv\/#breadcrumb\"},\"inLanguage\":\"es\",\"potentialAction\":[{\"@type\":\"ReadAction\",\"target\":[\"https:\/\/spandalucia.com\/spacanalsur\/legislacion-rtva-y-csrtv\/\"]}]},{\"@type\":\"BreadcrumbList\",\"@id\":\"https:\/\/spandalucia.com\/spacanalsur\/legislacion-rtva-y-csrtv\/#breadcrumb\",\"itemListElement\":[{\"@type\":\"ListItem\",\"position\":1,\"name\":\"Portada\",\"item\":\"https:\/\/spandalucia.com\/spacanalsur\/\"},{\"@type\":\"ListItem\",\"position\":2,\"name\":\"Legislaci\u00f3n RTVA y CSRTV\"}]}]}<\/script>\n<!-- \/ Yoast SEO plugin. -->","yoast_head_json":{"title":"Legislaci\u00f3n RTVA y CSRTV - Secci\u00f3n Sindical del SPA en RTVA y CSRTV","robots":{"index":"index","follow":"follow","max-snippet":"max-snippet:-1","max-image-preview":"max-image-preview:large","max-video-preview":"max-video-preview:-1"},"canonical":"https:\/\/spandalucia.com\/spacanalsur\/legislacion-rtva-y-csrtv\/","og_locale":"es_ES","og_type":"article","og_title":"Legislaci\u00f3n RTVA y CSRTV - Secci\u00f3n Sindical del SPA en RTVA y CSRTV","og_url":"https:\/\/spandalucia.com\/spacanalsur\/legislacion-rtva-y-csrtv\/","og_site_name":"Secci\u00f3n Sindical del SPA en RTVA y CSRTV","article_modified_time":"2021-03-22T12:17:28+00:00","twitter_card":"summary_large_image","schema":{"@context":"https:\/\/schema.org","@graph":[{"@type":"WebSite","@id":"https:\/\/spandalucia.com\/spacanalsur\/#website","url":"https:\/\/spandalucia.com\/spacanalsur\/","name":"Secci\u00f3n Sindical del SPA en RTVA y CSRTV","description":"P\u00e1gina de informaci\u00f3n de la Secci\u00f3n Sindical del SPA en Canal Sur","potentialAction":[{"@type":"SearchAction","target":{"@type":"EntryPoint","urlTemplate":"https:\/\/spandalucia.com\/spacanalsur\/?s={search_term_string}"},"query-input":"required name=search_term_string"}],"inLanguage":"es"},{"@type":"WebPage","@id":"https:\/\/spandalucia.com\/spacanalsur\/legislacion-rtva-y-csrtv\/#webpage","url":"https:\/\/spandalucia.com\/spacanalsur\/legislacion-rtva-y-csrtv\/","name":"Legislaci\u00f3n RTVA y CSRTV - Secci\u00f3n Sindical del SPA en RTVA y CSRTV","isPartOf":{"@id":"https:\/\/spandalucia.com\/spacanalsur\/#website"},"datePublished":"2021-03-22T12:17:27+00:00","dateModified":"2021-03-22T12:17:28+00:00","breadcrumb":{"@id":"https:\/\/spandalucia.com\/spacanalsur\/legislacion-rtva-y-csrtv\/#breadcrumb"},"inLanguage":"es","potentialAction":[{"@type":"ReadAction","target":["https:\/\/spandalucia.com\/spacanalsur\/legislacion-rtva-y-csrtv\/"]}]},{"@type":"BreadcrumbList","@id":"https:\/\/spandalucia.com\/spacanalsur\/legislacion-rtva-y-csrtv\/#breadcrumb","itemListElement":[{"@type":"ListItem","position":1,"name":"Portada","item":"https:\/\/spandalucia.com\/spacanalsur\/"},{"@type":"ListItem","position":2,"name":"Legislaci\u00f3n RTVA y CSRTV"}]}]}},"_links":{"self":[{"href":"https:\/\/spandalucia.com\/spacanalsur\/wp-json\/wp\/v2\/pages\/554"}],"collection":[{"href":"https:\/\/spandalucia.com\/spacanalsur\/wp-json\/wp\/v2\/pages"}],"about":[{"href":"https:\/\/spandalucia.com\/spacanalsur\/wp-json\/wp\/v2\/types\/page"}],"author":[{"embeddable":true,"href":"https:\/\/spandalucia.com\/spacanalsur\/wp-json\/wp\/v2\/users\/1"}],"replies":[{"embeddable":true,"href":"https:\/\/spandalucia.com\/spacanalsur\/wp-json\/wp\/v2\/comments?post=554"}],"version-history":[{"count":1,"href":"https:\/\/spandalucia.com\/spacanalsur\/wp-json\/wp\/v2\/pages\/554\/revisions"}],"predecessor-version":[{"id":555,"href":"https:\/\/spandalucia.com\/spacanalsur\/wp-json\/wp\/v2\/pages\/554\/revisions\/555"}],"wp:attachment":[{"href":"https:\/\/spandalucia.com\/spacanalsur\/wp-json\/wp\/v2\/media?parent=554"}],"curies":[{"name":"wp","href":"https:\/\/api.w.org\/{rel}","templated":true}]}}